 76*b. What is the hundreds digit of l(44)?
8
Suppose -3*c + 6636 = a, 5*c - 19892 = 77*a - 80*a. What is the thousands digit of a?
6
Let c(o) = o**2 - 5*o + 5. Let z be c(3). Let n be (3*12/(-9) + 2)*z. What is the tens digit of -47*n*(-4)/4?
9
Let s be -2 + -2029 + -7 + 5. Let p = -1253 - s. What is the hundreds digit of p?
7
Suppose -2*s + 73702 = 4*y, -35*s - 55275 = -3*y - 38*s. What is the units digit of y?
6
Let z(p) = -1848*p + 430. What is the hundreds digit of z(-6)?
5
Suppose 2*a = -0*a - 2*f - 96, 4*a + 182 = f. Let x = a + 50. What is the hundreds digit of (1 - (-3)/(-9))/(x/888)?
1
Suppose -44827 = 14*f - 240197. What is the ten thousands digit of f?
1
Let q = 6335 - 5032. What is the units digit of q?
3
Let p = -768 + 798. What is the units digit of (5/(p/(-153)))/(9/(-588))?
6
Suppose 2*i = 4*f - 56, -28 = -f - 2*i + 6*i. Suppose -f = 18*r - 15*r. What is the tens digit of 1*(17 + (-8 - r))?
1
Let x(r) = -66 + 17 + 206*r + 5. What is the units digit of x(5)?
6
Let h(y) = -152*y**2 - 2*y + 1. Let n(t) = -t**2 - 3*t + 29. Let f be n(-7). Let u be h(f). Let r = 343 + u. What is the tens digit of r?
9
Let a = 158 + 160. Let u = 220 - a. What is the tens digit of -3 - u - 3/(-3)*-3?
9
Suppose -4*y + 5*m + 32564 = 0, -3*m = -3*y - 4016 + 28436. What is the units digit of y?
6
Let i(n) = -2 - n + 16*n + 5*n + 18*n. Let m be i(-1). What is the tens digit of ((-138)/(-5))/((-12)/m)?
9
Suppose 0 = -31*g + 47 - 233. What is the thousands digit of (-500 - 3)/(g/12)?
1
Suppose 5*t + 4*n + 1114 = 22480, -5*n = 5*t - 21365. What is the hundreds digit of t?
2
What is the tens digit of 1/9 + (-597952)/(-72) + -1?
0
Let w(s) = 21*s - 80. Let a be w(4). Suppose 2*q - x = 250, 3*q - 4*q + 5*x = -134. Suppose a*j - 6*j = -q. What is the tens digit of j?
6
Let h(j) = -5*j**3 - 42*j**2 - 30*j + 17. What is the ten thousands digit of h(-18)?
1
What is the units digit of 42*2284/32 + 2 + (-21)/12?
8
Let v be (890/(-40))/((-3)/(-12)*-1). Suppose -5*p - v - 81 = 0. Let u = p + 53. What is the tens digit of u?
1
Suppose 0 = 29*u + 76756 - 196323. What is the units digit of u?
3
Suppose -5*m - m = -36. Let n(p) be the third derivative of p**6/120 - p**5/12 + 11*p**4/24 - 13*p**3/6 - 94*p**2. What is the tens digit of n(m)?
8
Let n be 310/(-2 - (-20)/5). Suppose 157*c - n*c - 4 = 0. Let f(x) = 22*x**3 + 3*x**2 - 9*x + 2. What is the hundreds digit of f(c)?
1
Let y be 8 - (8 - 4) - (1 + 0). Suppose -c = 2*c - y*k - 15, 3*c - 2*k = 12. Suppose -c*s + 353 + 219 = 0. What is the tens digit of s?
8
Let j(p) = 95*p + 285. What is the hundreds digit of j(13)?
5
Suppose a + l = 5, -l = 2*a + 3*l - 6. Suppose -30*i - 55 = 35. What is the units digit of 279*(a + -3 + i)?
9
Let g(s) = s**3 - 14*s**2 + 12*s + 29. Let j be g(13). Let p(a) = -a**2 + 15*a + 8. Let n be p(j). Let i = 14 - n. What is the units digit of i?
2
Let u(v) = 25 + 2*v - 10 + 2*v - 3*v**3 + 6. What is the units digit of u(-5)?
6
Let w = -10685 + 15458. What is the thousands digit of w?
4
Suppose 101 = 4*v + b, v - 3*b = -0*b + 9. What is the hundreds digit of 2/8 - ((-20034)/v + 5)?
8
Let s = 11507 + -7722. What is the thousands digit of s?
3
Suppose -21*p = -24*p - 30. What is the hundreds digit of (-95)/38*293*4/p?
2
Suppose -62*c = -46*c - 64224. What is the units digit of c?
4
Let g(f) = -f**3 - 2*f + 2*f**3 - 17 + 11 + 12 - 3*f**2. Let x be g(3). Suppose -3*w = -3, 5*k = -x*k - w + 101. What is the units digit of k?
0
Suppose 53*a - 52*a - 10982 = -3*s, a - 10998 = 5*s. What is the thousands digit of a?
0
Let c = 276 + 6051. Suppose c = 11*q - 7401. What is the thousands digit of q?
1
Let x = 31 + -32. What is the tens digit of (-151 - -8)*(2/2)/x?
4
Suppose 3*t + 8 = 7*t. Suppose -t*l = 8*l. Suppose r + r - 5*v - 118 = 0, l = -2*r - 5*v + 78. What is the units digit of r?
9
Let y = -105 - -108. Suppose -y*b + 3 = 2*d - 3*d, -5*d = 2*b - 2. What is the units digit of (-2134)/(-12) + (-1)/(-6) + d?
8
Let n be 121 + -1 - 33/(-11). Suppose 4*w - 193 = -5*m + 2*w, -3*m = 3*w - n. What is the units digit of m?
7
Let n(z) = z**3 + 9*z**2 - 2*z - 15. Let h be n(-9). Let d be -4 - (-5 + 2) - h. What is the hundreds digit of -1 + d + 8 + 150?
1
Let l(y) = 6521*y**2 + 197*y - 582. What is the thousands digit of l(3)?
8
Suppose 0 = -6*z + 2*z - 16*z + 89940. What is the hundreds digit of z?
4
Let j be (-10)/35 - (-60)/14. Let t(k) = 14*k**3 + 9*k**2 - 7*k + 21. What is the hundreds digit of t(j)?
0
Let o(z) = -206*z**3 - 14*z**2 - 71*z - 12. What is the tens digit of o(-6)?
0
Let b(q) = -5*q + 122. Let f be b(13). What is the units digit of f/(-133) + (-16428)/(-14)?
3
Let w(s) be the first derivative of 25*s**2/2 + 266*s + 217. What is the tens digit of w(11)?
4
Let f be 8/16 + ((-39)/(-2))/3. Suppose -154 = -f*a + 224. Suppose -5*w = a - 619. What is the hundreds digit of w?
1
Suppose 2*v = x - 360, -2*v + 0*v + 2*x = 360. What is the tens digit of (-18)/v - 19818/(-20)?
9
Suppose -22*c = 23*c - 107190. What is the tens digit of c?
8
Let o(w) = 172*w - 15. Suppose -57 + 63 = 2*x. What is the hundreds digit of o(x)?
5
Let i = 184 - -1398. Let j = i + -2460. What is the hundreds digit of j/(-6) - (-6 + 76/12)?
1
Let b(m) = 14784*m - 1562. What is the tens digit of b(3)?
9
What is the hundreds digit of -3 + -1 + 14 + -17 + 6611?
6
Suppose -x + 13 + 8 = -4*g, -3*g - 4*x = -8. What is the units digit of -2 + (-296)/g + 4?
6
Let f(t) = -2*t**3 - 140*t**2 + 6*t - 140. What is the thousands digit of f(-74)?
3
Let a(t) = t**3 + t + 7. Let c be a(0). Let w = 3 + c. Suppose 9*i - w*i + 103 = 0. What is the tens digit of i?
0
Suppose 19*a = 230*a - 4341114. What is the tens digit of a?
7
Let x = -991 + 2335. Suppose 17*g = 5*g + x. What is the units digit of g?
2
Let t = -115 + 119. Suppose 2*d - 3*m - 15 = 3*d, t*d + 20 = -4*m. Suppose d = 7*s + 5 - 82. What is the tens digit of s?
1
Suppose 2*s - 18 = b, 5*s - 49 = b - 1. Suppose -s*d + 4 + 16 = 0. What is the units digit of 0 - (d - 1) - (3 + -43)?
9
Let y(b) = b**2 - 34*b + 39. Let f be y(33). Suppose 0 = -8*j + f + 610. What is the units digit of j?
7
Suppose -244*q + 265*q - 1236028 = -185440. What is the tens digit of q?
2
Suppose 2*v = -4*z + 68, 2*v - 65 = 3*z - 11. Suppose v*t = t + 38483. What is the units digit of t?
7
Let t(v) = 13742*v**2 + 83*v + 82. What is the tens digit of t(-1)?
4
Let i = -67 + 71. Suppose 276 = 2*o - 5*b - 251, -1027 = -i*o + b. What is the units digit of o?
6
Suppose -z = 4*s - 15, 2*s + 3*z - 6 = -11. Suppose 0 = -3*o + 4*o + 2*d - 167, 0 = -4*o + s*d + 720. What is the units digit of o?
5
Let y(h) = -h + 3. Let x be y(0). Suppose -x*d = 91 - 481. Suppose 3*l - 3*g - 354 = 0, -l - g - g = -d. What is the hundreds digit of l?
1
Let c(x) = -1001*x - 5105. What is the units digit of c(-16)?
1
Suppose 4*g = 5*w - 1 - 0, 3*g + 5*w - 43 = 0. Let m = g - 3. Suppose -6*v + 306 = m*v. What is the units digit of v?
4
Suppose 8*j = -3*u + 3*j + 1, j + 27 = -4*u. What is the hundreds digit of (-10 - u)*2/12*-1446?
4
Suppose -5820 = 92*h - 186*h + 84*h. What is the tens digit of h?
8
Suppose -4*g + 77 + 103 = 4*o, 5*o = 3*g + 257. Suppose 3*z = 3*x - 2*x + o, 4*x + 260 = -4*z. Let q = 62 + x. What is the units digit of q?
1
Let p be 2/9 - 114709/(-63). Suppose 5*v = -5*l + 2*v + p, v = -4*l + 1454. What is the units digit of l?
3
Let p = 31277 - 14355. What is the hundreds digit of p?
9
Let v(p) = 3*p + 14 - 7*p + 20*p + 2*p - p**3 - 2*p**2. What is the hundreds digit of v(-7)?
1
Let h(w) = -w**3 - 5*w**2 + 1. Let p be h(-3). Let r(z) = z**3 + 18*z**2 + 16*z - 22. Let a be r(p). What is the units digit of a + (100/4 - -5)?
5
Let v = 210400 + -123237. What is the hundreds digit of v?
1
Let w(g) = -g**3 + 5*g**2 + 3*g + 20. Let z be w(6). Suppose -4*a + t + 1 = -z, 3*a = 5*t - 19. Let l(r) = 29*r + 14. What is the units digit of l(a)?
2
Suppose 4*s = 5*b - 65360, 2*b - 26144 = 89*s - 84*s. What is the ten thousands digit of b?
1
Suppose 46370 = 5*y + 4*w, 4*y - 3*w - 9290 = 27837. What is the hundreds digit of y?
2
Suppose -w + 14018 = -2*d, 3*d = -343*w + 339*w + 56138. What is the ten thousands digit of w?
1
Let z = -2860 - -8811. What is the tens digit of z?
5
What is the thousands digit of 21/(-12) + 14/(448/570648)?
7
Suppose 32 = 